l be n(0). Suppose 14 = -5*j + l. What is the units digit of (-9 - 1)*1/j?
5
Suppose -j - 4 = -3*d - 0*j, 10 = d + 4*j. Suppose -h = -2*l + 35, 61 = d*l - 2*h + 21. What is the units digit of l?
5
Let y(d) be the second derivative of d**3/6 + d**2/2 + 2*d. What is the units digit of y(5)?
6
Let m be 1 + -2 - -13*5. What is the units digit of (m/20)/(3/15)?
6
Let r(y) = y**3 - 11*y**2 + 2*y - 16. Let f be r(11). Let d(v) = -v**2 + 6*v + 1. What is the units digit of d(f)?
1
Let h(y) = 0*y - y**2 + 9*y - 5 + 0*y**2 + 0*y**2. What is the tens digit of h(4)?
1
Suppose 123 + 120 = 3*j. What is the tens digit of j?
8
Let h = 360 + -228. What is the units digit of (h/(-9))/((-8)/12)?
2
Let v(l) = 3*l - 11. Let r(y) = y - 5. Let i(z) = 9*r(z) - 4*v(z). What is the units digit of i(-4)?
1
Let f = 6 - -6. What is the tens digit of f?
1
Suppose 12*z - 10*z = 176. What is the tens digit of z?
8
Let y(a) = -a**3 + a**2 + a + 2. Let j be y(-2). Let h = 13 + j. What is the units digit of h?
5
Suppose -8*y + 1183 = 383. What is the units digit of y?
0
What is the units digit of (42 + 9)/(1/3)?
3
Let r(v) = -v**3 + 15. Let a be r(0). Let p = -8 + a. What is the units digit of p?
7
Let t = 9 - -1. What is the units digit of t?
0
Let g(y) = -5*y - 16. What is the units digit of g(-12)?
4
Suppose 5*x - 19 - 1 = 0. Let p(b) = b**3 - 4*b**2 + 3*b + 4. Let i be p(x). Suppose 5*t = 14 + i. What is the units digit of t?
6
Let k(u) = 3*u - 6. Let d(o) = -o**3 + 6*o**2 - 3*o - 4. Let v be d(5). What is the tens digit of k(v)?
1
Let q = 40 - 9. What is the units digit of q?
1
Let q = -31 - -17. Let u = -2 - q. What is the tens digit of u?
1
Suppose d = 4*w, -2*w - 3*w = 4*d + 21. What is the units digit of (6/d)/(21/(-196))?
4
Let s(l) = -l**2 - 3*l + 2. Let d be s(-2). Suppose -3*i = -d*i + 2. Suppose -i*j + 7 = 3. What is the units digit of j?
2
Let u(o) = o**3 - 6*o**2 + 2*o + 4. What is the units digit of u(7)?
7
Suppose 0 = -5*l + 2*a + 13 + 3, -12 = -2*l - 2*a. Suppose -37 - 11 = -4*k. Suppose y + y + k = 3*s, -l*s - 3*y = -16. What is the units digit of s?
4
Let x = -1 - -15. What is the units digit of x?
4
Let g = -77 - -134. What is the tens digit of g?
5
Suppose 455 = 5*v + 5*k, -v - 5*k + 6 = -101. What is the units digit of v?
7
Suppose -4*b + 2 = -18. Suppose 0 = b*n - 2*n - 18. What is the units digit of n?
6
Suppose 0*r = 5*r - 600. Suppose 20 + r = c. What is the units digit of c/25 - 4/(-10)?
6
Let z(d) = 11*d**3 + d**2 - 2*d - 1. Let h(u) = -u**3 - u**2. Let s(o) = -2*h(o) - z(o). What is the units digit of s(-1)?
9
Let c(p) = 4*p + 1. Let u be 36/10*90/27. What is the tens digit of c(u)?
4
Let h be 2/(-9) - 114/(-27). Let m = h + 1. What is the units digit of m?
5
Suppose 3*f - 5*f + 182 = 0. What is the tens digit of f?
9
Let c = 23 - 8. Let a = c - 13. What is the units digit of a?
2
Let z = 7 + 12. What is the units digit of (-3 + z/2)*2?
3
Suppose -2*b + 5*b + 135 = 0. What is the units digit of (-1)/(b/(-24) - 2)?
8
Let m = -7 + 13. Let q(r) = -r + 10. Let o be q(m). Suppose o*n - n - 27 = 0. What is the units digit of n?
9
Let s(a) = 3*a + 3. Let k(c) = -3*c - 2. Let b(n) = -5*k(n) - 4*s(n). What is the units digit of b(4)?
0
Suppose -22 = -y + 31. What is the units digit of y?
3
What is the units digit of 30 + -3 + (-1 - -4)?
0
Suppose 1 + 7 = 4*t. Suppose 4*a - 26 = -2*c, -5*a = -2*c - 8 - t. Suppose -2*f = 3*l - 14, 0*f = 2*l - c*f + 16. What is the units digit of l?
2
Let d = -23 + 33. Let n = -14 + d. What is the units digit of (8/n)/((-1)/6)?
2
Suppose 5*p + 43 - 163 = 0. What is the units digit of p?
4
Let p(q) = -q**2 - 6*q + 10. Let v be p(-7). Suppose 0 = 3*c - v - 0. What is the units digit of c?
1
Suppose 11 + 1 = -3*w. What is the units digit of (52/6)/(w/(-6))?
3
Let n(m) = -m**3 - 10*m**2 - 4. What is the tens digit of n(-11)?
1
What is the tens digit of -1*(2/3)/(20/(-2370))?
7
Let n(l) be the first derivative of l**3 + l**2/2 + l + 1. What is the tens digit of n(-2)?
1
Let h(k) = k**2 + k + 2. Let i be h(-3). What is the tens digit of 3/(-12) - (-90)/i?
1
Let s = -55 - -92. What is the tens digit of s?
3
Let c(a) = 2*a - 4. Let o be c(6). Let p = 10 - o. Suppose -f + 6 - p = -4*m, 2*m = -4*f + 52. What is the units digit of f?
2
Suppose -4*t - 605 = -5*q, -q + 41 + 80 = 2*t. What is the units digit of q?
1
Let h(x) = 1 + x**2 + 0 + 2 + 8*x. What is the units digit of h(-8)?
3
Let g be 3 - 34/(-2 - -4). Let f = -8 - g. What is the units digit of f?
6
What is the units digit of 4730/33 + (-1)/3?
3
Suppose -3*h = -4*y - 147, h + 8*y - 49 = 7*y. What is the units digit of h?
9
Suppose 0 = -2*c - c. Suppose 2*a + c*a - 4 = 0. Suppose 5*b - 16 = -a*k + b, -3*k = 4*b - 20. What is the units digit of k?
4
What is the tens digit of 65/(-30) + 2/12 + 63?
6
Suppose 5*w - 4*i - 47 = 0, 0 = -w - 0*w + 5*i + 22. Let q = 28 - w. What is the units digit of q?
1
Suppose 17*b + 72 = 18*b. What is the units digit of b?
2
Suppose 4*p + 10 + 2 = 0. What is the units digit of (40 + -2)*p/(-6)?
9
Let u(i) = i**2 + 16*i + 13. What is the tens digit of u(-17)?
3
Let x = -30 - -271. What is the tens digit of x?
4
Let u(h) = h + 11. Let j be u(-8). Suppose 0*x - j*x + 27 = 0. What is the units digit of x?
9
Suppose i - 3*i = -192. Let s = i + -67. What is the tens digit of s?
2
Let p = -3 - -1. What is the tens digit of 40/(-6)*3/p?
1
Let i = -4 + 3. Let p be (1*i)/(-2 + 1). What is the units digit of p - (3/3 - 2)?
2
Let b be (0/(-1))/(1 - 3). Suppose z - f - 4 = -b*f, 0 = -3*z + f + 22. What is the units digit of z?
9
Let l(i) = 3*i**2. Let y be l(-2). Suppose y = -o + 4*o. What is the units digit of o?
4
Let z = -10 - -28. What is the units digit of z - ((-4 - 0) + 1)?
1
Let h = 23 + -4. Let b be 4/5*(-100)/8. Let c = h + b. What is the units digit of c?
9
Suppose 4*s = s + 6. Suppose r = s*r + 2. What is the units digit of (3/6)/(r/(-44))?
1
What is the units digit of -2 + 5 + 5 + -4?
4
Suppose -1 = s + d, 2*d = 5 + 1. Let x = s + 2. Let o(a) = -2*a**3 - a**2 - a + 1. What is the units digit of o(x)?
5
Let k = -2 - -6. Suppose -40 = -2*u + k*r, -5*r - 12 + 28 = 3*u. What is the units digit of 26/u - 4/24?
2
Let s(n) = -3*n. Let w(v) = -v**2 - 1. Let g(u) = -s(u) + w(u). What is the units digit of g(2)?
1
Let v be 39*(-5)/(19 - 4). Let i(q) = 4*q**3 + 17*q**2 + 16*q + 9. Let y(g) = g**3 + g**2 + g + 1. Let s(a) = i(a) - 3*y(a). What is the units digit of s(v)?
6
What is the units digit of (3 - 3) + 9/1?
9
Let h be (1/1)/((-6)/(-24)). Let o(w) = -w**2 + 4*w + 3. What is the units digit of o(h)?
3
Suppose -336 - 44 = -5*p. What is the units digit of p?
6
Let j(u) = 5*u - 10. Let x be j(8). Suppose -3*a = -0*a + x. Let p = 12 + a. What is the units digit of p?
2
Let u(w) = -w**3 - w + 9. Let r be u(0). Let d be ((-20)/(-6))/(6/r). Suppose y = d*y - 8. What is the units digit of y?
2
Suppose 3*t = -3*k + 3, k - t - 16 = 3*t. Suppose -47 = -5*u - k*y, 3*y - 27 = -4*u + 11. What is the tens digit of u?
1
Suppose -l = 5*p + 7 - 19, 0 = -4*l + 8. What is the tens digit of (-212)/(-8) + p/4?
2
Let g = -96 - -200. What is the units digit of g?
4
What is the tens digit of ((-19)/3)/((-6)/54)?
5
Let w(p) = p**2 - 2*p + 2. What is the tens digit of w(-4)?
2
Suppose 0 = -i + 2*m + 98, -i + 6*i + 5*m = 535. What is the tens digit of i?
0
What is the units digit of ((-12)/7)/(4/(-70))?
0
Let r(g) = g + 1. Let s be r(4). Let l(w) = w - 3. What is the units digit of l(s)?
2
Let r = -7 - -11. Let c = r + -13. Let n(m) = m**3 + 8*m**2 - 10*m - 4. What is the units digit of n(c)?
5
Let g = -44 + 139. What is the units digit of g?
5
Suppose -2*m - 2*l + 95 = 3*l, -l = -3*m + 100. What is the tens digit of m?
3
Let y(r) = -3*r - 6. Let q be 1/4 + (-126)/24. What is the units digit of y(q)?
9
Suppose 7*s = 3*h + 2*s - 135, 2*h = 3*s + 89. What is the units digit of h?
0
Let x(p) = -12*p**2 - 1. Let h be x(-1). Let w(t) = -t**3 + 11*t**2 + 3*t - 9. Let v be w(11). Let j = v + h. What is the tens digit of j?
1
Suppose 0*p + 2*p - 2*s = -4, -3*s - 15 = 4*p. Let c be p + 1 + (28 - -1). Let q = -16 + c. What is the tens digit of q?
1
Let f(j) = -j - 8. Let u be f(-6). Let m be u + -2 + 4 + 1. Suppose -m = -2*g + 9. What is the units digit of g?
5
Suppose 3*q - 34 = 2*q. Suppos